{"id":104768,"date":"2024-07-10T08:52:25","date_gmt":"2024-07-10T07:52:25","guid":{"rendered":"https:\/\/borussia.lu\/?page_id=104768"},"modified":"2024-07-10T08:52:25","modified_gmt":"2024-07-10T07:52:25","slug":"faber-josiane-comite","status":"publish","type":"page","link":"https:\/\/borussia.lu\/?page_id=104768","title":{"rendered":"Faber Josiane (Comit\u00e9)"},"content":{"rendered":"\n<figure class=\"wp-block-image size-full\"><img loading=\"lazy\" decoding=\"async\" width=\"486\" height=\"744\" src=\"http:\/\/borussia.lu\/wp-content\/uploads\/2024\/07\/6126c1b3-199a-4686-bb79-35ad3509e9d0.jpg\" alt=\"\" class=\"wp-image-104766\" srcset=\"https:\/\/borussia.lu\/wp-content\/uploads\/2024\/07\/6126c1b3-199a-4686-bb79-35ad3509e9d0.jpg 486w, https:\/\/borussia.lu\/wp-content\/uploads\/2024\/07\/6126c1b3-199a-4686-bb79-35ad3509e9d0-327x500.jpg 327w\" sizes=\"(max-width: 486px) 100vw, 486px\" \/><\/figure>\n\n\n\n<p><\/p>\n\n\n\n<p><\/p>\n\n\n\n<p>L\u00e9ift Josiane,<\/p>\n\n\n\n<p>leider bass du virun enger Zait onerwaart aus eiser Mett gerappt ginn! Mir w\u00e4erten dech ni vergiessen a soen dir merci fir dain scheint Wiesen, d\u00e4in Engagement! Mir w\u00ebnschen Dir alles guddes do wous du lo bass a vergiess och du eis net.<\/p>\n\n\n\n<p>Mir sin houfreg dorobber dass du een Deel vun eiser Gladbacher Fohlen Famill wars. Am H\u00e4erz w\u00e4erts du daat och fir emmer bleiwen!<\/p>\n\n\n\n<p>R.I.P. Faber Josiane (Comit\u00e9-Member)<\/p>\n","protected":false},"excerpt":{"rendered":"<p>L\u00e9ift Josiane, leider bass du virun enger Zait onerwaart aus eiser Mett gerappt ginn! Mir w\u00e4erten dech ni vergiessen a soen dir merci fir dain scheint Wiesen, d\u00e4in Engagement! Mir w\u00ebnschen Dir alles guddes do wous du lo bass a vergiess och du eis net. Mir sin houfreg dorobber dass du een Deel vun eiser [&hellip;]<\/p>\n","protected":false},"author":3,"featured_media":0,"parent":0,"menu_order":0,"comment_status":"closed","ping_status":"closed","template":"","meta":{"footnotes":""},"_links":{"self":[{"href":"https:\/\/borussia.lu\/index.php?rest_route=\/wp\/v2\/pages\/104768"}],"collection":[{"href":"https:\/\/borussia.lu\/index.php?rest_route=\/wp\/v2\/pages"}],"about":[{"href":"https:\/\/borussia.lu\/index.php?rest_route=\/wp\/v2\/types\/page"}],"author":[{"embeddable":true,"href":"https:\/\/borussia.lu\/index.php?rest_route=\/wp\/v2\/users\/3"}],"replies":[{"embeddable":true,"href":"https:\/\/borussia.lu\/index.php?rest_route=%2Fwp%2Fv2%2Fcomments&post=104768"}],"version-history":[{"count":1,"href":"https:\/\/borussia.lu\/index.php?rest_route=\/wp\/v2\/pages\/104768\/revisions"}],"predecessor-version":[{"id":104769,"href":"https:\/\/borussia.lu\/index.php?rest_route=\/wp\/v2\/pages\/104768\/revisions\/104769"}],"wp:attachment":[{"href":"https:\/\/borussia.lu\/index.php?rest_route=%2Fwp%2Fv2%2Fmedia&parent=104768"}],"curies":[{"name":"wp","href":"https:\/\/api.w.org\/{rel}","templated":true}]}}