{"id":104739,"date":"2024-07-09T10:03:48","date_gmt":"2024-07-09T09:03:48","guid":{"rendered":"https:\/\/borussia.lu\/?page_id=104739"},"modified":"2025-07-20T23:34:05","modified_gmt":"2025-07-20T22:34:05","slug":"fotogalerie-2","status":"publish","type":"page","link":"https:\/\/borussia.lu\/?page_id=104739","title":{"rendered":"&#x1f4f8; Fotogalerie"},"content":{"rendered":"\n<h2 class=\"wp-block-heading\">Eis Momenter, eis Er\u00ebnnerungen<\/h2>\n\n\n\n<p>Hei fannt Dir eng Auswiel vun eise sch\u00e9inste Momenter als&nbsp;<strong>Gladbacher Fohlen L\u00ebtzebuerg<\/strong>.<\/p>\n\n\n\n<p>Ob bei\u00a0<strong>Busreesen<\/strong>,\u00a0<strong>Heem- oder Ausw\u00e4rtsmatcher<\/strong>,\u00a0<strong>Reesen (national an international)<\/strong>, oder spontane Fan-Treff \u2013 mir halen d\u2019Er\u00ebnnerungen un\u00a0<strong>Zesummenhalt, Freed a Leidenschaft<\/strong>\u00a0fest.<\/p>\n\n\n\n<p>&#x1f49a;\u00a0<em>E Bild seet m\u00e9i w\u00e9i 1.000 Wieder \u2013 a bei eis erzielt jiddereen eng Fohlen-Geschicht.<\/em><\/p>\n\n\n\n<p><br><em>N\u00ebmmen d\u2019Fohlen!<\/em><\/p>\n","protected":false},"excerpt":{"rendered":"<p>Eis Momenter, eis Er\u00ebnnerungen Hei fannt Dir eng Auswiel vun eise sch\u00e9inste Momenter als&nbsp;Gladbacher Fohlen L\u00ebtzebuerg. Ob bei\u00a0Busreesen,\u00a0Heem- oder Ausw\u00e4rtsmatcher,\u00a0Reesen (national an international), oder spontane Fan-Treff \u2013 mir halen d\u2019Er\u00ebnnerungen un\u00a0Zesummenhalt, Freed a Leidenschaft\u00a0fest. &#x1f49a;\u00a0E Bild seet m\u00e9i w\u00e9i 1.000 Wieder \u2013 a bei eis erzielt jiddereen eng Fohlen-Geschicht. N\u00ebmmen d\u2019Fohlen!<\/p>\n","protected":false},"author":3,"featured_media":0,"parent":0,"menu_order":0,"comment_status":"closed","ping_status":"closed","template":"","meta":{"footnotes":""},"_links":{"self":[{"href":"https:\/\/borussia.lu\/index.php?rest_route=\/wp\/v2\/pages\/104739"}],"collection":[{"href":"https:\/\/borussia.lu\/index.php?rest_route=\/wp\/v2\/pages"}],"about":[{"href":"https:\/\/borussia.lu\/index.php?rest_route=\/wp\/v2\/types\/page"}],"author":[{"embeddable":true,"href":"https:\/\/borussia.lu\/index.php?rest_route=\/wp\/v2\/users\/3"}],"replies":[{"embeddable":true,"href":"https:\/\/borussia.lu\/index.php?rest_route=%2Fwp%2Fv2%2Fcomments&post=104739"}],"version-history":[{"count":3,"href":"https:\/\/borussia.lu\/index.php?rest_route=\/wp\/v2\/pages\/104739\/revisions"}],"predecessor-version":[{"id":104873,"href":"https:\/\/borussia.lu\/index.php?rest_route=\/wp\/v2\/pages\/104739\/revisions\/104873"}],"wp:attachment":[{"href":"https:\/\/borussia.lu\/index.php?rest_route=%2Fwp%2Fv2%2Fmedia&parent=104739"}],"curies":[{"name":"wp","href":"https:\/\/api.w.org\/{rel}","templated":true}]}}