{"id":104709,"date":"2024-07-03T20:04:02","date_gmt":"2024-07-03T19:04:02","guid":{"rendered":"https:\/\/borussia.lu\/?page_id=104709"},"modified":"2024-07-10T08:53:46","modified_gmt":"2024-07-10T07:53:46","slug":"in-memoriam","status":"publish","type":"page","link":"https:\/\/borussia.lu\/?page_id=104709","title":{"rendered":"ELCHEROTH Ren\u00e9 (Comit\u00e9)"},"content":{"rendered":"\n<figure class=\"wp-block-image size-full\"><img decoding=\"async\" src=\"http:\/\/borussia.lu\/wp-content\/uploads\/2024\/07\/IMG_1457-4.heic\" alt=\"\" class=\"wp-image-104710\"\/><\/figure>\n\n\n\n<p><\/p>\n\n\n\n<p>Leider musse mir Iech den Doud vun eisem treien Fr\u00ebnd, Kolleeg, Comit\u00e9s-Member ELCHEROTH Ren\u00e9 matdeelen. Den Ren\u00e9 war e leidenschaftleche Fussballfan an huet eiser Borussia quasi sain ganzt Liewen gewidmet.<\/p>\n\n\n\n<p>Mir verm\u00ebssen dech Ren\u00e9 an mir w\u00e4erten dech ni vergiessen! Du wars a bleiws op \u00e9iweg an eisen H\u00e4erzer an mir soen dir merci fir alles wads du gemaach hues fir de Club a fir eis.<\/p>\n\n\n\n<p>Rouh a Fridden!<\/p>\n\n\n\n<p><\/p>\n","protected":false},"excerpt":{"rendered":"<p>Leider musse mir Iech den Doud vun eisem treien Fr\u00ebnd, Kolleeg, Comit\u00e9s-Member ELCHEROTH Ren\u00e9 matdeelen. Den Ren\u00e9 war e leidenschaftleche Fussballfan an huet eiser Borussia quasi sain ganzt Liewen gewidmet. Mir verm\u00ebssen dech Ren\u00e9 an mir w\u00e4erten dech ni vergiessen! Du wars a bleiws op \u00e9iweg an eisen H\u00e4erzer an mir soen dir merci fir [&hellip;]<\/p>\n","protected":false},"author":3,"featured_media":0,"parent":0,"menu_order":0,"comment_status":"closed","ping_status":"closed","template":"","meta":{"footnotes":""},"_links":{"self":[{"href":"https:\/\/borussia.lu\/index.php?rest_route=\/wp\/v2\/pages\/104709"}],"collection":[{"href":"https:\/\/borussia.lu\/index.php?rest_route=\/wp\/v2\/pages"}],"about":[{"href":"https:\/\/borussia.lu\/index.php?rest_route=\/wp\/v2\/types\/page"}],"author":[{"embeddable":true,"href":"https:\/\/borussia.lu\/index.php?rest_route=\/wp\/v2\/users\/3"}],"replies":[{"embeddable":true,"href":"https:\/\/borussia.lu\/index.php?rest_route=%2Fwp%2Fv2%2Fcomments&post=104709"}],"version-history":[{"count":3,"href":"https:\/\/borussia.lu\/index.php?rest_route=\/wp\/v2\/pages\/104709\/revisions"}],"predecessor-version":[{"id":104771,"href":"https:\/\/borussia.lu\/index.php?rest_route=\/wp\/v2\/pages\/104709\/revisions\/104771"}],"wp:attachment":[{"href":"https:\/\/borussia.lu\/index.php?rest_route=%2Fwp%2Fv2%2Fmedia&parent=104709"}],"curies":[{"name":"wp","href":"https:\/\/api.w.org\/{rel}","templated":true}]}}