{"id":104695,"date":"2024-07-03T17:06:16","date_gmt":"2024-07-03T16:06:16","guid":{"rendered":"https:\/\/borussia.lu\/?page_id=104695"},"modified":"2025-07-21T10:06:49","modified_gmt":"2025-07-21T09:06:49","slug":"busreesen-2024-2025","status":"publish","type":"page","link":"https:\/\/borussia.lu\/?page_id=104695","title":{"rendered":"Busreesen Saison 2025-2026"},"content":{"rendered":"\n<p><\/p>\n\n\n\n<ul>\n<li>Gladbach &#8211; HSV  (24.08.2025)<\/li>\n\n\n\n<li>Gladbach &#8211; FCB  (Weekend vum 24.10.2025 &#8211; 26.10.2025)<\/li>\n\n\n\n<li>Gladbach &#8211; FC K\u00f6ln  (Weekend vum 07.11.2025 &#8211; 09.11.2025)<\/li>\n\n\n\n<li>Gladbach &#8211; St. Pauli  (Weekend vum 13.03.2026 &#8211; 15.03.2026)<\/li>\n\n\n\n<li>Gladbach &#8211; BVB   (Weekend vum 01.05.2026 &#8211; 03.05.2026)<\/li>\n\n\n\n<li>Glsdbach &#8211; Hoffenheim  (16.05.2026)<\/li>\n<\/ul>\n\n\n\n<p><\/p>\n\n\n\n<p>&#x1f49a;&nbsp;<strong>Mir free\u00ebn eis op eng flott Saison!<\/strong><\/p>\n\n\n\n<p>Merci fir \u00c4ert Verst\u00e4ndnis.<\/p>\n\n\n\n<figure class=\"wp-block-image size-full is-resized\"><img loading=\"lazy\" decoding=\"async\" width=\"800\" height=\"600\" src=\"http:\/\/borussia.lu\/wp-content\/uploads\/2019\/08\/Ticket-service.jpg\" alt=\"\" class=\"wp-image-2016\" style=\"width:610px;height:auto\" srcset=\"https:\/\/borussia.lu\/wp-content\/uploads\/2019\/08\/Ticket-service.jpg 800w, https:\/\/borussia.lu\/wp-content\/uploads\/2019\/08\/Ticket-service-300x225.jpg 300w, https:\/\/borussia.lu\/wp-content\/uploads\/2019\/08\/Ticket-service-768x576.jpg 768w, https:\/\/borussia.lu\/wp-content\/uploads\/2019\/08\/Ticket-service-120x90.jpg 120w\" sizes=\"(max-width: 800px) 100vw, 800px\" \/><\/figure>\n\n\n\n<p><strong>Bai weidere Froen maacht eis einfach eng Mail (Dreckt op den ICON)<\/strong><\/p>\n\n\n\n<ul class=\"wp-block-social-links has-huge-icon-size is-layout-flex wp-block-social-links-is-layout-flex\"><li class=\"wp-social-link wp-social-link-mail  wp-block-social-link\"><a href=\"mailto:bor&#117;s&#115;&#105;&#097;&#064;b&#111;r&#117;ss&#105;&#097;.l&#117;\" class=\"wp-block-social-link-anchor\"><svg width=\"24\" height=\"24\" viewBox=\"0 0 24 24\" version=\"1.1\" xmlns=\"http:\/\/www.w3.org\/2000\/svg\" aria-hidden=\"true\" focusable=\"false\"><path d=\"M19,5H5c-1.1,0-2,.9-2,2v10c0,1.1.9,2,2,2h14c1.1,0,2-.9,2-2V7c0-1.1-.9-2-2-2zm.5,12c0,.3-.2.5-.5.5H5c-.3,0-.5-.2-.5-.5V9.8l7.5,5.6,7.5-5.6V17zm0-9.1L12,13.6,4.5,7.9V7c0-.3.2-.5.5-.5h14c.3,0,.5.2.5.5v.9z\"><\/path><\/svg><span class=\"wp-block-social-link-label screen-reader-text\">Mail<\/span><\/a><\/li><\/ul>\n","protected":false},"excerpt":{"rendered":"<p>&#x1f49a;&nbsp;Mir free\u00ebn eis op eng flott Saison! Merci fir \u00c4ert Verst\u00e4ndnis. Bai weidere Froen maacht eis einfach eng Mail (Dreckt op den ICON)<\/p>\n","protected":false},"author":3,"featured_media":0,"parent":0,"menu_order":0,"comment_status":"closed","ping_status":"closed","template":"","meta":{"footnotes":""},"_links":{"self":[{"href":"https:\/\/borussia.lu\/index.php?rest_route=\/wp\/v2\/pages\/104695"}],"collection":[{"href":"https:\/\/borussia.lu\/index.php?rest_route=\/wp\/v2\/pages"}],"about":[{"href":"https:\/\/borussia.lu\/index.php?rest_route=\/wp\/v2\/types\/page"}],"author":[{"embeddable":true,"href":"https:\/\/borussia.lu\/index.php?rest_route=\/wp\/v2\/users\/3"}],"replies":[{"embeddable":true,"href":"https:\/\/borussia.lu\/index.php?rest_route=%2Fwp%2Fv2%2Fcomments&post=104695"}],"version-history":[{"count":7,"href":"https:\/\/borussia.lu\/index.php?rest_route=\/wp\/v2\/pages\/104695\/revisions"}],"predecessor-version":[{"id":104998,"href":"https:\/\/borussia.lu\/index.php?rest_route=\/wp\/v2\/pages\/104695\/revisions\/104998"}],"wp:attachment":[{"href":"https:\/\/borussia.lu\/index.php?rest_route=%2Fwp%2Fv2%2Fmedia&parent=104695"}],"curies":[{"name":"wp","href":"https:\/\/api.w.org\/{rel}","templated":true}]}}