{"id":104681,"date":"2024-07-03T16:56:39","date_gmt":"2024-07-03T15:56:39","guid":{"rendered":"https:\/\/borussia.lu\/?page_id=104681"},"modified":"2025-07-21T08:44:31","modified_gmt":"2025-07-21T07:44:31","slug":"comite-2024-2025","status":"publish","type":"page","link":"https:\/\/borussia.lu\/?page_id=104681","title":{"rendered":"Comit\u00e9 2025 &#8211; 2026"},"content":{"rendered":"\n<h1 class=\"wp-block-heading\">Eise Comit\u00e9 \u2013 \u00c4re Ver\u00e4in am H\u00e4erz<\/h1>\n\n\n\n<p class=\"has-text-align-left\">De Comit\u00e9 vun de&nbsp;<strong>Gladbacher Fohlen L\u00ebtzebuerg<\/strong>&nbsp;ass d\u2019St\u00e9ck vum Fanclub, dat mat vill Engagement, Leidenschaft a Responsabilit\u00e9it fir eisen Club a seng Membere d\u00e9ngt.<\/p>\n\n\n\n<p class=\"has-text-align-left\">All Member am Comit\u00e9 setzt seng Z\u00e4it an Energie an, fir eis Gemeinschaft zesummen ze st\u00e4erken, gemeinsam Aktivit\u00e9iten ze organis\u00e9ieren an eis Fanschaft ze represent\u00e9ieren.<\/p>\n\n\n\n<p class=\"has-text-align-left\">Mir sinn hei, fir eise Fanclub lieweg ze halen, fir Iech bei all Froen ze h\u00ebllefen an fir eis gemeinsam Ziler erreechen.<\/p>\n\n\n\n<p class=\"has-text-align-left\">Mir organis\u00e9ieren d\u2019Evenementer, kucken drop, dass alles reibungslos leeft, a sinn deng Kontaktpersounen, wann s du Froen oder Iddien hues.<\/p>\n\n\n\n<hr class=\"wp-block-separator has-alpha-channel-opacity\"\/>\n\n\n\n<h2 class=\"wp-block-heading\">&#x1f464; BAULESCH Marc \u2013 Pr\u00e4sident<\/h2>\n\n\n\n<hr class=\"wp-block-separator has-alpha-channel-opacity\"\/>\n\n\n\n<h2 class=\"wp-block-heading\">&#x1f464; PINTSCH Tom \u2013 Vizepr\u00e4sident<\/h2>\n\n\n\n<hr class=\"wp-block-separator has-alpha-channel-opacity\"\/>\n\n\n\n<h2 class=\"wp-block-heading\">&#x1f464; CETTIGA-PINTSCH Laetitia \u2013 Sekret\u00e4rin<\/h2>\n\n\n\n<hr class=\"wp-block-separator has-alpha-channel-opacity\"\/>\n\n\n\n<h2 class=\"wp-block-heading\">&#x1f464; FIORIFERI Roger \u2013 Keessier<\/h2>\n\n\n\n<hr class=\"wp-block-separator has-alpha-channel-opacity\"\/>\n\n\n\n<p><strong>Memberen aus dem Comit\u00e9:<\/strong><\/p>\n\n\n\n<ul>\n<li>HUBERTY Nico<\/li>\n\n\n\n<li>MARNACH Jean-Claude<\/li>\n\n\n\n<li>REITER Patrick<\/li>\n\n\n\n<li>SCHEVERS Jhemp<\/li>\n\n\n\n<li>BIREN Serge<\/li>\n<\/ul>\n\n\n\n<hr class=\"wp-block-separator has-alpha-channel-opacity\"\/>\n\n\n\n<p><strong>VERSTUERWE Comit\u00e9-Memberen:<\/strong><\/p>\n\n\n\n<ul>\n<li>Member: Ren\u00e9 ELCHEROTH<\/li>\n\n\n\n<li>Member: Silke NICKELS<\/li>\n\n\n\n<li>Member: Josiane Faber <\/li>\n<\/ul>\n\n\n\n<h2 class=\"wp-block-heading\">MIR W\u00c4ERTEN IECH NIE VERGIESSEN!<\/h2>\n\n\n\n<p><\/p>\n\n\n\n<p><em>&#x1f49a;&nbsp;E grousse Merci un all Comit\u00e9member fir hiert Engagement am Geescht vun de Fohlen!<\/em><\/p>\n\n\n\n<p><br><em>N\u00ebmmen d\u2019Fohlen!<\/em> &#x1f49a;<\/p>\n\n\n\n<hr class=\"wp-block-separator has-alpha-channel-opacity\"\/>\n","protected":false},"excerpt":{"rendered":"<p>Eise Comit\u00e9 \u2013 \u00c4re Ver\u00e4in am H\u00e4erz De Comit\u00e9 vun de&nbsp;Gladbacher Fohlen L\u00ebtzebuerg&nbsp;ass d\u2019St\u00e9ck vum Fanclub, dat mat vill Engagement, Leidenschaft a Responsabilit\u00e9it fir eisen Club a seng Membere d\u00e9ngt. All Member am Comit\u00e9 setzt seng Z\u00e4it an Energie an, fir eis Gemeinschaft zesummen ze st\u00e4erken, gemeinsam Aktivit\u00e9iten ze organis\u00e9ieren an eis Fanschaft ze represent\u00e9ieren. [&hellip;]<\/p>\n","protected":false},"author":3,"featured_media":0,"parent":0,"menu_order":0,"comment_status":"closed","ping_status":"closed","template":"","meta":{"footnotes":""},"_links":{"self":[{"href":"https:\/\/borussia.lu\/index.php?rest_route=\/wp\/v2\/pages\/104681"}],"collection":[{"href":"https:\/\/borussia.lu\/index.php?rest_route=\/wp\/v2\/pages"}],"about":[{"href":"https:\/\/borussia.lu\/index.php?rest_route=\/wp\/v2\/types\/page"}],"author":[{"embeddable":true,"href":"https:\/\/borussia.lu\/index.php?rest_route=\/wp\/v2\/users\/3"}],"replies":[{"embeddable":true,"href":"https:\/\/borussia.lu\/index.php?rest_route=%2Fwp%2Fv2%2Fcomments&post=104681"}],"version-history":[{"count":11,"href":"https:\/\/borussia.lu\/index.php?rest_route=\/wp\/v2\/pages\/104681\/revisions"}],"predecessor-version":[{"id":104929,"href":"https:\/\/borussia.lu\/index.php?rest_route=\/wp\/v2\/pages\/104681\/revisions\/104929"}],"wp:attachment":[{"href":"https:\/\/borussia.lu\/index.php?rest_route=%2Fwp%2Fv2%2Fmedia&parent=104681"}],"curies":[{"name":"wp","href":"https:\/\/api.w.org\/{rel}","templated":true}]}}