{"id":104663,"date":"2024-07-03T09:11:20","date_gmt":"2024-07-03T08:11:20","guid":{"rendered":"https:\/\/borussia.lu\/?page_id=104663"},"modified":"2025-07-21T00:36:19","modified_gmt":"2025-07-20T23:36:19","slug":"kontakt","status":"publish","type":"page","link":"https:\/\/borussia.lu\/?page_id=104663","title":{"rendered":"&#x1f4de; Kontakt"},"content":{"rendered":"\n<p><\/p>\n\n\n\n<h2 class=\"wp-block-heading\">&#x1f4de; Kontakt\u00e9iert eis<\/h2>\n\n\n\n<p>Hutt Dir Froen oder w\u00ebllt Dir m\u00e9i iwwert de <strong>Gladbacher Fohlen L\u00ebtzebuerg<\/strong> w\u00ebsse? Mir sinn g\u00e4r fir Iech do!<\/p>\n\n\n\n<p><strong>Telefon:<\/strong> &#x1f4de; <a href=\"tel:+352621346411\">+352 621 346 411<\/a><\/p>\n\n\n\n<p><strong>E-Mail:<\/strong> &#x1f4e7; <a href=\"mailto:borussia@borussia.lu\">borussia@borussia.lu<\/a><\/p>\n\n\n\n<p>Mir free\u00ebn eis op \u00c4re Kontakt!<\/p>\n\n\n\n<p><strong>N\u00ebmmen Fohlen!<\/strong>&#x1f49a;<\/p>\n\n\n\n<p><\/p>\n\n\n\n<p><\/p>\n\n\n\n<p><\/p>\n\n\n\n<ul class=\"wp-block-social-links aligncenter has-huge-icon-size is-layout-flex wp-block-social-links-is-layout-flex\"><li class=\"wp-social-link wp-social-link-mail  wp-block-social-link\"><a href=\"mailto:&#098;&#111;&#114;&#117;s&#115;&#105;a&#064;&#098;&#111;russ&#105;&#097;&#046;&#108;u\" class=\"wp-block-social-link-anchor\"><svg width=\"24\" height=\"24\" viewBox=\"0 0 24 24\" version=\"1.1\" xmlns=\"http:\/\/www.w3.org\/2000\/svg\" aria-hidden=\"true\" focusable=\"false\"><path d=\"M19,5H5c-1.1,0-2,.9-2,2v10c0,1.1.9,2,2,2h14c1.1,0,2-.9,2-2V7c0-1.1-.9-2-2-2zm.5,12c0,.3-.2.5-.5.5H5c-.3,0-.5-.2-.5-.5V9.8l7.5,5.6,7.5-5.6V17zm0-9.1L12,13.6,4.5,7.9V7c0-.3.2-.5.5-.5h14c.3,0,.5.2.5.5v.9z\"><\/path><\/svg><span class=\"wp-block-social-link-label screen-reader-text\">Mail<\/span><\/a><\/li><\/ul>\n\n\n\n<p><\/p>\n\n\n\n<p><\/p>\n\n\n\n<p><\/p>\n\n\n\n<p><\/p>\n\n\n\n<p><\/p>\n\n\n\n<p><\/p>\n\n\n<div class=\"wp-block-image\">\n<figure class=\"aligncenter size-large is-resized\"><img loading=\"lazy\" decoding=\"async\" width=\"1024\" height=\"892\" src=\"http:\/\/borussia.lu\/wp-content\/uploads\/2021\/01\/cropped-cropped-cropped-cropped-Gladbacher-Fohlen-Letzebuerg.001-1-1024x892.jpeg\" alt=\"\" class=\"wp-image-104398\" style=\"width:181px;height:auto\" srcset=\"https:\/\/borussia.lu\/wp-content\/uploads\/2021\/01\/cropped-cropped-cropped-cropped-Gladbacher-Fohlen-Letzebuerg.001-1-1024x892.jpeg 1024w, https:\/\/borussia.lu\/wp-content\/uploads\/2021\/01\/cropped-cropped-cropped-cropped-Gladbacher-Fohlen-Letzebuerg.001-1-500x435.jpeg 500w, https:\/\/borussia.lu\/wp-content\/uploads\/2021\/01\/cropped-cropped-cropped-cropped-Gladbacher-Fohlen-Letzebuerg.001-1-768x669.jpeg 768w, https:\/\/borussia.lu\/wp-content\/uploads\/2021\/01\/cropped-cropped-cropped-cropped-Gladbacher-Fohlen-Letzebuerg.001-1-1536x1338.jpeg 1536w, https:\/\/borussia.lu\/wp-content\/uploads\/2021\/01\/cropped-cropped-cropped-cropped-Gladbacher-Fohlen-Letzebuerg.001-1-370x322.jpeg 370w, https:\/\/borussia.lu\/wp-content\/uploads\/2021\/01\/cropped-cropped-cropped-cropped-Gladbacher-Fohlen-Letzebuerg.001-1-1040x906.jpeg 1040w, https:\/\/borussia.lu\/wp-content\/uploads\/2021\/01\/cropped-cropped-cropped-cropped-Gladbacher-Fohlen-Letzebuerg.001-1.jpeg 1920w\" sizes=\"(max-width: 1024px) 100vw, 1024px\" \/><\/figure><\/div>","protected":false},"excerpt":{"rendered":"<p>&#x1f4de; Kontakt\u00e9iert eis Hutt Dir Froen oder w\u00ebllt Dir m\u00e9i iwwert de Gladbacher Fohlen L\u00ebtzebuerg w\u00ebsse? Mir sinn g\u00e4r fir Iech do! Telefon: &#x1f4de; +352 621 346 411 E-Mail: &#x1f4e7; borussia@borussia.lu Mir free\u00ebn eis op \u00c4re Kontakt! N\u00ebmmen Fohlen!&#x1f49a;<\/p>\n","protected":false},"author":3,"featured_media":0,"parent":0,"menu_order":0,"comment_status":"closed","ping_status":"closed","template":"","meta":{"footnotes":""},"_links":{"self":[{"href":"https:\/\/borussia.lu\/index.php?rest_route=\/wp\/v2\/pages\/104663"}],"collection":[{"href":"https:\/\/borussia.lu\/index.php?rest_route=\/wp\/v2\/pages"}],"about":[{"href":"https:\/\/borussia.lu\/index.php?rest_route=\/wp\/v2\/types\/page"}],"author":[{"embeddable":true,"href":"https:\/\/borussia.lu\/index.php?rest_route=\/wp\/v2\/users\/3"}],"replies":[{"embeddable":true,"href":"https:\/\/borussia.lu\/index.php?rest_route=%2Fwp%2Fv2%2Fcomments&post=104663"}],"version-history":[{"count":7,"href":"https:\/\/borussia.lu\/index.php?rest_route=\/wp\/v2\/pages\/104663\/revisions"}],"predecessor-version":[{"id":104902,"href":"https:\/\/borussia.lu\/index.php?rest_route=\/wp\/v2\/pages\/104663\/revisions\/104902"}],"wp:attachment":[{"href":"https:\/\/borussia.lu\/index.php?rest_route=%2Fwp%2Fv2%2Fmedia&parent=104663"}],"curies":[{"name":"wp","href":"https:\/\/api.w.org\/{rel}","templated":true}]}}